ist the prime factors of f.
2, 3, 7
Let y = 299 - -746. List the prime factors of y.
5, 11, 19
Let m = 49 + -47. Suppose 2*g = u - 80, -4*u - g - m*g + 298 = 0. What are the prime factors of u?
2, 19
Suppose 0 = -4*r - 12, -5*r = -y - 0*r + 51. Suppose 2*o + 2 = 4*s, 4*o + 0*o + 2*s = y. Suppose -c = 5*j - 252, 0 = 4*c - o - 1. List the prime factors of j.
2, 5
Suppose 3*m + 3*b + 21 = 0, 3*b = m - 2 + 9. Let h = m + 12. Suppose -5*g = -3*a + 37, -h*a - g = -3*g - 68. List the prime factors of a.
2, 7
Let p = 132 + -126. List the prime factors of 1/(-2)*1544/(2 - p).
193
Let s(a) = a**3 + 16*a**2 - 17*a + 33. Let j be s(-16). Suppose 85 - j = -5*n. List the prime factors of n.
2, 11
Suppose l - 5*n + 6 = 2*l, 0 = -3*l - 2*n + 18. Suppose -o + 112 = l*o. Suppose -3*a = -0*s - s + 34, -o = -s - 3*a. What are the prime factors of s?
5
Let i be (-30)/8*8/1. Let o = i - -42. Suppose -2*c + o = -52. What are the prime factors of c?
2
Let u(n) = -n**3 + 3*n**2 + 6*n - 8. Let m be u(6). Let d be (-3)/(-21) - m/28. What are the prime factors of (10 - (4 + 0)) + d?
3
Let s(d) = -53*d**3 + 6*d**2 + 18*d + 39. List the prime factors of s(-3).
2, 3, 5, 7
Suppose 0 = 3*g + 3*b - 767 - 1111, -5*b + 1264 = 2*g. What are the prime factors of g?
2, 311
Suppose 4*k - 19 = 1. Suppose k*s + 5*j = 150, j - 125 = -5*s + 29. What are the prime factors of s?
31
Let f(y) be the second derivative of 3*y - y**2 + 0 + 0*y**3 + 1/3*y**4. What are the prime factors of f(2)?
2, 7
Let o(k) = -27 + 9 + 106 - 3*k. List the prime factors of o(0).
2, 11
Let b(c) = 76*c - 26. Let y be b(5). Suppose 0 = 39*u - 36*u - y. What are the prime factors of u?
2, 59
What are the prime factors of ((-3)/(6 - 0))/(2/(-872))?
2, 109
Let u be 1/(-2)*6 + 5. Let f be (-8)/(-2)*(-12)/(-6). List the prime factors of 181/4 - u/f.
3, 5
Let x = -7 - -10. Suppose x*b + 40 = 4*h - b, -22 = -5*h - 2*b. Suppose y + 46 = 3*g, -h*y + 2*y = -3*g + 49. What are the prime factors of g?
3, 5
Let z = -5 - -10. Let k(g) = g**2 - 3*g + 7. Let i(y) = 2*y**2 - 5*y + 11. Let m(l) = z*i(l) - 8*k(l). List the prime factors of m(3).
2, 7
Suppose -4*v = -2*v - 2. Let l(r) = r**3 + r**2. Let w be l(v). Suppose 7*k = -3*h + 2*k - 1, -w = h + 2*k. List the prime factors of h.
2
Let s(v) be the second derivative of 7*v**3/6 - 15*v**2/2 - 7*v. List the prime factors of s(6).
3
Let c = -43 - -53. Suppose -3*x = c*x - 715. What are the prime factors of x?
5, 11
Let s(n) = -n - 5. Let x(l) = 1. Let d(c) = -s(c) - 5*x(c). Let g be d(-2). What are the prime factors of 1/g - 33/(-6)?
5
Let i be ((-4)/5)/(16/(-160)). Let z(n) = -n**2 + 16*n + 7. What are the prime factors of z(i)?
71
Let k be (1/(-3))/(7/(-42)). Suppose -k*f = -23 - 73. List the prime factors of f.
2, 3
Suppose 4*n + 22 = 6*n. Suppose 12 = 3*b + 3*a, 4*b - 2*a + a - n = 0. Suppose s = -b*s + 136. What are the prime factors of s?
2, 17
Let r(j) = 11*j**2 - 34. Let p be r(5). Let s = p + -109. What are the prime factors of s?
2, 3, 11
Let j(l) = -7*l + 2. Let y be j(-3). Suppose 7 = 5*a - 4*w - 19, 3*a = -5*w - 14. Suppose a + y = d. What are the prime factors of d?
5
Suppose -3*g + 0*g = 3*y - 12, 4*g = -y + 10. Let q = 33 - y. What are the prime factors of q?
31
Let l = -227 + 1107. List the prime factors of l.
2, 5, 11
Suppose 71*r - 61*r = 45480. List the prime factors of r.
2, 3, 379
Suppose 0 = -3*c + 22 + 47. Suppose c*u + 96 = 26*u. What are the prime factors of u?
2
Suppose -22*v = -25*v + 414. What are the prime factors of 7 + -5 - (v*1)/(-1)?
2, 5, 7
Let y be (-880)/(-24)*(-9)/(-3). Suppose 2*v = 3*n + y, 5*v + 0*n - 3*n - 284 = 0. What are the prime factors of v?
2, 29
Let t = -99 - -107. Suppose 0 = 12*a + t*a - 1920. What are the prime factors of a?
2, 3
Let z be 30/((-12)/4)*2. Let y = -16 - z. Suppose -7*a = -4*l - 3*a + 156, -151 = -y*l - a. List the prime factors of l.
2, 19
Let s = 1760 - 1019. What are the prime factors of s?
3, 13, 19
Let j = 14 + -12. Suppose j*g = 69 - 19. Suppose 4*p = 3*o - 66, o - g = 4*p - 3. What are the prime factors of o?
2, 11
Let r be 5 + (-1570)/(-35) + (-2)/(-14). Suppose -2*h = -r - 180. What are the prime factors of h?
5, 23
Let v = -71 - -36. Suppose -3*l - 112 = -11*l. List the prime factors of l/(-4)*100/v.
2, 5
Let b = -69 - -69. Let h(y) = 2*y**2 - 4*y + 3. Let w be h(2). Suppose w*c - 21 - 48 = b. What are the prime factors of c?
23
Let m = -28 - -28. List the prime factors of 221 - (-9 + m + 5).
3, 5
Suppose -15 = -4*t - 3. Suppose -2*c + w + 0*w = -11, 4*w = -t*c. Suppose 4*s = 4*h + 132, -c*s - 3*h - 127 = -8*s. What are the prime factors of s?
2, 7
Let r(b) be the second derivative of -b**4/12 - 11*b**3/6 - 5*b**2 - 44*b. Suppose 0*t + 2*t = -h - 22, -2*t + 4*h = 2. List the prime factors of r(t).
2
Suppose -4*d = -130 - 342. Let g = -13 + d. What are the prime factors of g?
3, 5, 7
Let t(p) be the first derivative of -14*p**4 + 2*p**3/3 + p**2/2 + 25. Let n = -7 + 6. What are the prime factors of t(n)?
3, 19
Suppose -21*r + 23*r = 4. Suppose 0 = -r*x - x + 141. What are the prime factors of x?
47
Let w be (4/10 - (-2 + 3))*-30. Let d = w + 20. What are the prime factors of d?
2, 19
Suppose 2*v - u - 5 = 0, 3 = 3*v - 4*u - 2. Suppose -5*y = v*d + 89, -y - 3*d - d = 28. Let o = 19 + y. What are the prime factors of o?
3
Let w(z) = 15*z - 4. Let c be w(-10). Let n = -19 - c. Suppose h - 6*h + 160 = -3*a, 5*h + 2*a = n. What are the prime factors of h?
29
Let t = 407 + 529. List the prime factors of t.
2, 3, 13
Let c(z) be the second derivative of 4*z**4 + z**3/3 + z**2/2 - z. Let k be c(-1). Suppose -3*p + k = -82. What are the prime factors of p?
43
Let y(x) be the first derivative of 32*x**3/3 - 3*x**2 - 3*x - 13. List the prime factors of y(-2).
137
Let g = -1 - -7. Suppose 38 = 3*h - 5*t, -g*h + 2*h = t - 20. List the prime factors of 126/10 + h/15.
13
Let a(i) = i**2 - 2*i + 3. Let d(r) = -29*r**3 - r**2 + r + 1. Let x be d(-1). Suppose 4*w + x = -w - 2*z, -2*w + 12 = -5*z. What are the prime factors of a(w)?
3
Let f(j) = j**3 - 11*j**2 + 8. Let l be f(11). Let k(q) = -q**3 + 9*q**2 - 8*q + 7. List the prime factors of k(l).
7
Let k(q) = -q + 16. Let s = 14 + -3. Let d be k(s). Suppose 5*g = -5*z + 225, -d*g + 3*z = 4*z - 241. What are the prime factors of g?
7
Suppose 6*k = -3 + 39. Suppose k*j - 1476 = -0*j. What are the prime factors of j?
2, 3, 41
Suppose -4*y + 0*h - 2*h = 20, h = 3*y + 15. Let x = 14 + y. Suppose -x*i = -4*i - 165. What are the prime factors of i?
3, 11
Let p = -100 + 757. What are the prime factors of p?
3, 73
Suppose 4*r + 892 + 872 = 4*k, -4*k + 1776 = -r. What are the prime factors of k?
5, 89
Let r be (-21)/(-9) - 8/24. Suppose -r*c = -c - 282. What are the prime factors of c?
2, 3, 47
Let p be (-28)/(-10)*(3 - -2). Suppose 4*c - p = 2*c. Suppose -10*x + 60 = -c*x. List the prime factors of x.
2, 5
Let m(r) = 7*r - 35. Let d be m(5). Suppose d = -25*t + 24*t + 73. List the prime factors of t.
73
Let v be -2*(-3)/2 - -1. Suppose t = o + 2*o + 61, -v*t + 174 = 2*o. Let f = -28 + t. What are the prime factors of f?
2, 3
Let a be (-4 - (-1 - 2))*(-62 + 1). Let n = 111 - a. What are the prime factors of n?
2, 5
Let x(j) = -102*j - 103. What are the prime factors of x(-15)?
1427
Suppose -s + 0*s + 6 = 5*h, 5*s - 5*h - 30 = 0. Suppose -r + s = -4*w - 7, 3*w = 0. Let k = r - 7. List the prime factors of k.
2, 3
Let r(l) = -3*l**2 + 2*l**2 - 3*l + 8*l. Let w be r(4). Suppose -3*o - 20 = -w*o. What are the prime factors of o?
2, 5
Let n = -23 + 28. Suppose n*y + 2*b = 112, -62 = -y - 2*y + 4*b. What are the prime factors of y?
2, 11
List the prime factors of 1 + (1 - 3) + (358 - -59).
2, 13
Let y be (-60)/(-14) - (-2)/(-7). Suppose 0 = -y*p + 8*p - 64. Suppose 0*b = -b + p. What are the prime factors of b?
2
Suppose 0 = -y - 1 + 16. Suppose 0*r - 5*r = -y. Suppose r*a = 2*k - 77, 5*k + 5*a = 120 + 110. List the prime factors of k.
43
Let z be 2/12 - (-3)/(-18) - -6. What are the prime factors of (-4)/z*(-1596)/8?
7, 19
Suppose -3*f = 2*f + 15. Let q(w) = -22*w - 6. Let b be q(f). Suppose -5*v + 5*i + b = -0*i, 0 = 3*v + 3*i - 24. What are the prime factors of v?
2, 5
Suppose -5*i = 14*q - 17*q + 1419, -2*i = -q + 472. List the prime factors of q.
2, 239
Suppose 9 + 1 = -3*j + y, -